68361895?
False
Is 396725593 a multiple of 4042?
False
Does 91 divide 951345391?
False
Does 3180 divide 554229480?
True
Does 168 divide 268460326?
False
Is 72922053 a multiple of 249?
False
Is 156163064 a multiple of 4?
True
Is 10 a factor of 52607530?
True
Does 22 divide 31994181?
False
Is 20271580 a multiple of 28?
True
Is 160 a factor of 3918130?
False
Is 6 a factor of 123647405?
False
Is 41 a factor of 2411965365?
False
Is 1179 a factor of 36244515?
False
Does 2283 divide 74584357?
False
Does 676 divide 985742389?
False
Is 1872710919 a multiple of 18?
False
Is 14 a factor of 1946438956?
True
Is 2633160 a multiple of 12?
True
Is 1845 a factor of 245242935?
True
Does 63 divide 25047278?
False
Is 3126711 a multiple of 3174?
False
Does 370 divide 13883010?
False
Is 568 a factor of 186948398?
False
Does 456 divide 2352112296?
True
Is 110 a factor of 531198140?
True
Is 1941755 a multiple of 2?
False
Is 184932930 a multiple of 1232?
False
Does 38 divide 77001414?
True
Does 111 divide 974553582?
True
Is 44808381 a multiple of 108?
False
Is 55800803 a multiple of 62?
False
Does 185 divide 127895653?
False
Does 3999 divide 119075604?
False
Does 19 divide 2372137941?
False
Is 77 a factor of 11265027?
False
Is 234515151 a multiple of 155?
False
Is 98 a factor of 92704685?
False
Is 351457710 a multiple of 15?
True
Is 14 a factor of 2278419542?
True
Is 271294380 a multiple of 1323?
True
Does 387 divide 57136327?
False
Is 759 a factor of 150854286?
True
Is 5 a factor of 18070991?
False
Is 1117433866 a multiple of 11?
False
Is 3898 a factor of 1340808337?
False
Is 151603300 a multiple of 290?
True
Is 322 a factor of 89497041?
False
Is 730049793 a multiple of 519?
True
Is 887834698 a multiple of 9?
False
Does 5 divide 20154230?
True
Is 1256 a factor of 8970352?
True
Is 11324753 a multiple of 1903?
True
Does 14 divide 2007939836?
True
Is 917242367 a multiple of 138?
False
Is 227662270 a multiple of 180?
False
Is 7804 a factor of 267283380?
False
Is 1030 a factor of 373325493?
False
Is 472 a factor of 92098528?
True
Does 571 divide 807102790?
True
Is 93968490 a multiple of 5?
True
Does 1463 divide 457983242?
False
Is 190 a factor of 490471825?
False
Is 368936883 a multiple of 27?
True
Is 518 a factor of 1088738379?
False
Is 17045636 a multiple of 591?
False
Does 14 divide 2435436015?
False
Is 17924386 a multiple of 111?
False
Does 1259 divide 807047957?
True
Is 209110485 a multiple of 19?
True
Is 103 a factor of 79350618?
False
Is 18 a factor of 38364150?
False
Does 142 divide 291351363?
False
Does 18 divide 887166144?
True
Does 54 divide 1063917018?
True
Is 16 a factor of 29554051?
False
Is 68062152 a multiple of 34?
True
Is 275845775 a multiple of 11?
False
Is 274 a factor of 1185055685?
False
Is 4 a factor of 17024398?
False
Is 48947563 a multiple of 1189?
True
Is 68 a factor of 15044116?
True
Is 2 a factor of 531472692?
True
Is 608977072 a multiple of 2024?
True
Does 32 divide 681508096?
True
Does 331 divide 188032124?
False
Is 55501432 a multiple of 150?
False
Is 9167 a factor of 894197286?
False
Is 19 a factor of 15850899?
False
Does 10 divide 53980923?
False
Is 13095150 a multiple of 402?
True
Is 241308029 a multiple of 9?
False
Does 37 divide 99974333?
True
Does 179 divide 112180715?
False
Is 265 a factor of 36005815?
True
Does 5 divide 32314881?
False
Is 114474439 a multiple of 709?
False
Does 1353 divide 4576207?
False
Is 21 a factor of 1187441763?
False
Is 37834310 even?
True
Is 143 a factor of 651460421?
False
Is 428820754 a multiple of 1242?
False
Is 43974384 a multiple of 12?
True
Is 52 a factor of 194277?
False
Is 265485234 a multiple of 342?
False
Is 78 a factor of 2864452188?
True
Is 1383384372 a multiple of 164?
False
Does 2438 divide 331577752?
True
Is 191 a factor of 1687980263?
True
Does 2042 divide 33186235?
False
Is 244442952 a multiple of 24?
True
Is 398376979 a multiple of 20?
False
Is 730 a factor of 65486840?
True
Is 1438 a factor of 3240787?
False
Is 117734705 a multiple of 55?
True
Does 1418 divide 86485238?
True
Is 116509358 a multiple of 1628?
False
Is 83420522 a multiple of 782?
False
Is 277984512 a multiple of 128?
True
Is 77140026 a multiple of 2619?
True
Is 2189273375 a multiple of 87?
False
Is 737163689 a multiple of 32?
False
Does 95 divide 255046880?
True
Does 38 divide 292546762?
True
Is 433383039 a multiple of 3?
True
Does 14 divide 730962636?
False
Is 52 a factor of 613273139?
False
Is 1910 a factor of 450888199?
False
Is 133000734 a multiple of 193?
False
Is 254 a factor of 2087844948?
True
Is 43501138 a multiple of 3486?
False
Is 4524464 a multiple of 29?
True
Does 32 divide 952941946?
False
Is 412259328 a multiple of 4608?
True
Does 11 divide 49312483?
True
Is 166312440 a multiple of 126?
True
Is 415417497 a multiple of 33?
True
Is 30 a factor of 3073371048?
False
Is 296 a factor of 8413800?
True
Is 31 a factor of 45117152?
True
Does 60 divide 914883?
False
Does 423 divide 1106821416?
False
Is 337213603 a multiple of 274?
False
Does 120 divide 14158333?
False
Does 48 divide 48966960?
True
Is 74477205 a multiple of 135?
True
Is 13964334 a multiple of 159?
True
Does 5 divide 990028800?
True
Is 368442546 a multiple of 171?
False
Is 2722600 a multiple of 3?
False
Is 2293396357 a multiple of 203?
True
Is 12 a factor of 237889788?
True
Does 51 divide 7312107829?
False
Is 5127056636 a multiple of 12142?
True
Does 1139 divide 108096795?
True
Is 23 a factor of 885287135?
True
Is 1731 a factor of 9966867?
False
Is 18 a factor of 5893722?
True
Is 215938905 a multiple of 5915?
True
Is 3 a factor of 394269?
True
Is 9480765 a multiple of 8?
False
Is 51307380 a multiple of 260?
False
Is 8820772 a multiple of 4?
True
Is 1578467197 a multiple of 409?
True
Is 646 a factor of 19485298?
True
Does 3295 divide 81647209?
False
Is 24597509 a multiple of 66?
False
Does 15 divide 4975598070?
True
Is 5867703941 a multiple of 2524?
False
Does 28 divide 12568131?
False
Does 13 divide 551237752?
True
Is 22421466 a multiple of 3?
True
Does 361 divide 237244146?
True
Is 23 a factor of 884673978?
True
Is 64592544 a multiple of 8?
True
Is 1012267845 a multiple of 95?
True
Is 201477845 a multiple of 10?
False
Does 12 divide 3515004?
True
Is 4016372 a multiple of 43?
True
Is 14964134 a multiple of 31?
True
Is 12280703 a multiple of 297?
False
Is 89865659 a multiple of 196?
False
Is 27018360 a multiple of 269?
True
Is 11257374 a multiple of 2643?
False
Does 1352 divide 140287576?
True
Does 925 divide 114607428?
False
Is 98343070 a multiple of 1090?
True
Is 2279382094 a multiple of 1289?
False
Is 993039116 a multiple of 293?
True
Does 21 divide 30362526?
False
Is 3 a factor of 6937923?
True
Is 4886654 a multiple of 293?
True
Is 29 a factor of 27583115?
False
Is 2236778448 a multiple of 12?
True
Is 24450692 a multiple of 1054?
True
Is 21948000 a multiple of 750?
True
Does 404 divide 6339972?
True
Is 104454285 a multiple of 10?
False
Is 220 a factor of 1187214820?
True
Is 219669788 a multiple of 26?
True
Is 648927504 a multiple of 108?
True
Is 74 a factor of 7243262?
False
Does 2 divide 1777678?
True
Is 6406496 a multiple of 16?
True
Does 13 divide 33742980?
False
Is 593 a factor of 56075859?
True
Is 163 a factor of 238115127?
True
Is 268784382 a multiple of 8?
False
Is 61 a factor of 10491023?
False
Is 150 a factor of 14376750?
True
Is 5966242 even?
True
Is 1136261 a multiple of 7?
True
Is 16 a factor of 376285808?
True
Is 11723832 a multiple of 36?
True
Is 71 a factor of 6306291?
True
Does 5200 divide 276868800?
True
Is 38 a factor of 45622738?
False
Is 216477144 a multiple of 18?
True
Is 60 a factor of 222664242?
False
Is 1291 a factor of 67112635?
True
Does 21 divide 141548631?
True
Is 526961234 a multiple of 5386?
False
Does 59 divide 2302931981?
False
Does 5067 divide 1548249898?
False
Is 33215919 a multiple of 33?
True
Is 880 a factor of 1143366400?
True
Does 25 divide 86315005?
False
Is 217787180 a multiple of 148?
True
Is 357 a factor of 235321523?
False
Is 123439400 a multiple of 69?
False
Is 676 a factor of 982904?
True
Is 193 a factor of 54215035?
False
Is 17 a factor of 1555772?
True
Is 117 a factor of 425858238?
True
Is 1261 a factor of 14777619?
False
Is 489 a factor of 40928322?
True
Does 18 divide 55524322?
False
Is 17089740 a multi